*q**2 + 206*q - 604. Give d(-103).
-604
Let m(h) = -8*h**2 + 1050*h - 18702. What is m(110)?
-2
Let p(g) = -3*g**3 + 45*g**2 + 862*g + 37. Determine p(-11).
-7
Let s(a) = -2*a**2 + 2443*a - 119841. Give s(51).
-450
Let i(d) = -3*d**2 + 368*d - 458. What is i(120)?
502
Let h(g) = 2*g**3 + 268*g**2 + 3297*g - 4093. What is h(-15)?
2
Let i(g) = 1210*g - 22937. Calculate i(19).
53
Let v(x) = x**2 + 11406*x - 34224. Give v(3).
3
Let q(n) = -n**3 - 38*n**2 - 352*n - 1051. Calculate q(-26).
-11
Let u(x) = -33*x - 275. Calculate u(4).
-407
Let x(v) = 24*v**2 + 1715*v + 11462. Determine x(-64).
6
Let l(d) = -d**3 - 6*d**2 + 125*d + 432. Determine l(-13).
-10
Let t(o) = 345*o**2 - 14192*o + 1954. Give t(41).
27
Let s(j) = -2*j**2 + 51*j + 31. Calculate s(-5).
-274
Let q(t) = 7*t**2 + 761*t + 977. Give q(-105).
-1753
Let k(n) = -4*n**3 + 8*n**2 - 507*n + 2072. Determine k(4).
-84
Let v(f) = 115*f**2 + 965*f - 647. Give v(-9).
-17
Let n(h) = h**3 - 38*h**2 + 216*h - 137. Determine n(6).
7
Let y(c) = 1514*c**3 - 7566*c**2 - 17*c - 11. Determine y(5).
4
Let v(w) = -147*w - 132. Determine v(0).
-132
Let z(o) = 2015*o + 447575. What is z(-222)?
245
Let g(x) = x**2 + 105965*x + 43803256. Calculate g(-415).
6
Let x(j) = 100560*j + 703923. Calculate x(-7).
3
Let r(p) = -p**3 + 251*p**2 + 975*p - 306265. Give r(250).
-15
Let h(f) = -18336*f - 145967. Give h(-8).
721
Let v(a) = -9*a**3 - 50*a**2 - 123*a - 538. Give v(-5).
-48
Let n(w) = 2*w**2 - 319*w - 38641. Give n(240).
-1
Let s(r) = -8*r**3 - 35*r**2 + 107*r - 55. Determine s(3).
-265
Let a(g) = g**3 + 10*g**2 + 103*g + 622. What is a(-7)?
48
Let v(w) = -52128*w + 312763. Determine v(6).
-5
Let w(n) = -11*n**3 + 528*n**2 + n - 64. Calculate w(48).
-16
Let k(u) = u**3 - 38*u**2 - 3204*u + 1378. Give k(-41).
-57
Let x(y) = -13*y**3 - 309*y**2 + 144*y + 2349. Give x(-24).
621
Let c(n) = -n**3 + 211*n**2 + 74*n - 15660. Determine c(211).
-46
Let h(n) = n**3 - 64*n**2 + 387*n + 692. Calculate h(57).
8
Let j(f) = -2*f**2 - 2355*f + 38134. What is j(16)?
-58
Let u(q) = -859*q + 67. Calculate u(1).
-792
Let j(a) = -a**3 + 173*a**2 + 5899*a - 8288. What is j(202)?
-6
Let k(y) = y**3 + 7*y**2 + 1243*y - 6506. Determine k(5).
9
Let n(c) = 35*c**3 + 5*c**2 - 106*c + 101. Calculate n(1).
35
Let z(g) = -g**2 + 641*g - 19312. Give z(32).
176
Let k(q) = -q**2 + 5644*q - 1990556. Calculate k(378).
-8
Let t(l) = 700*l + 19981. Calculate t(-23).
3881
Let q(x) = x**2 + 12502*x - 62522. What is q(5)?
13
Let b(t) = -2*t**3 - 12*t**2 + 226*t + 1650. What is b(-8)?
98
Let y(h) = 7*h**2 - 2353*h + 9387. Determine y(4).
87
Let v(h) = 32*h**3 + 470*h**2 - 162*h - 177. Determine v(-15).
3
Let c(d) = -786*d + 175272. Calculate c(223).
-6
Let q(y) = -699*y + 44115. What is q(63)?
78
Let z(j) = -60*j**2 - 2761*j - 7781. What is z(-43)?
2
Let h(w) = 22556*w + 90204. Calculate h(-4).
-20
Let v(p) = -23100*p - 1617011. Give v(-70).
-11
Let y(d) = 2661*d - 18630. What is y(7)?
-3
Let x(m) = -205*m - 1893. Give x(8).
-3533
Let t(i) = 2*i**2 + 252*i + 3916. Calculate t(-108).
28
Let n(y) = -3*y**3 + 15*y**2 - 212*y - 1199. Determine n(-6).
1261
Let t(r) = 1418*r - 25487. What is t(21)?
4291
Let l(d) = 6377*d - 2149034. Determine l(337).
15
Let i(h) = 41018*h + 451199. Determine i(-11).
1
Let a(p) = -9*p**2 - 5610*p - 239021. Determine a(-46).
-5
Let u(p) = 22*p**2 - 2904*p - 66. Calculate u(132).
-66
Let a(m) = m**2 - 5856*m - 253652. What is a(-43)?
5
Let t(z) = z**3 + 666*z**2 + 110835*z - 1535. What is t(-326)?
95
Let c(s) = s**3 + 55*s**2 + 556*s - 3312. Determine c(-21).
6
Let f(b) = -45*b**2 + 1593*b - 12315. What is f(24)?
-3
Let f(l) = 8*l**3 - 888*l**2 + 22*l - 2466. Calculate f(111).
-24
Let m(c) = -5*c**2 + 44*c + 21. Calculate m(11).
-100
Let x(n) = n**3 - 14*n**2 + 66*n - 681. What is x(13)?
8
Let q(i) = -147599*i - 7527553. What is q(-51)?
-4
Let z(c) = c**3 - 33*c**2 + 88*c + 863. What is z(29)?
51
Let h(o) = -o**2 + 240*o + 22994. Calculate h(-73).
145
Let p(w) = -18*w**2 + 8667*w + 92987. What is p(492)?
-1
Let p(t) = 9074*t - 81695. Determine p(9).
-29
Let t(q) = q**2 - 1099*q + 22649. What is t(21)?
11
Let x(b) = -b**3 + 433*b**2 + 10972*b - 64. Determine x(-24).
-160
Let x(a) = 15*a**2 + 59*a - 313. Give x(-6).
-127
Let l(g) = g**2 + 9536*g - 28639. Calculate l(3).
-22
Let x(n) = n**3 + 822*n**2 + 5706*n + 68. Determine x(-7).
61
Let s(j) = -86382*j - 777421. Determine s(-9).
17
Let s(k) = -2*k**3 - 97*k**2 + 349*k + 14741. Calculate s(-49).
41
Let f(c) = -c**3 + 164*c**2 - 1755*c - 10530. Give f(152).
-42
Let n(p) = -4*p**3 + 9*p**2 + 214*p - 956. Give n(6).
-212
Let x(c) = 15*c**2 + 16528*c + 96446. What is x(-1096)?
-2
Let y(r) = -601*r + 1940. Calculate y(3).
137
Let x(d) = 2*d**3 + 14*d**2 + 16*d + 59. What is x(-4)?
91
Let w(z) = 12*z**2 - 11189*z + 1251764. Give w(130).
-6
Let m(y) = 63694*y + 318421. What is m(-5)?
-49
Let p(a) = 404*a**2 + 88068*a - 859. What is p(-218)?
13
Let l(g) = -2*g**2 - 18*g - 188. What is l(-7)?
-160
Let g(k) = 108*k**2 - 300*k - 97. Calculate g(3).
-25
Let n(k) = k**3 - 30*k**2 + 157*k + 17. What is n(7)?
-11
Let t(n) = -63943*n + 6841896. Determine t(107).
-5
Let r(p) = 27298*p + 191057. What is r(-7)?
-29
Let w(x) = x**2 - 780*x + 11378. Calculate w(15).
-97
Let z(s) = -511*s**2 - 90444*s + 517. What is z(-177)?
-14
Let w(g) = 6376*g - 44533. What is w(7)?
99
Let i(p) = -p**3 + 50*p**2 + 4357*p + 3718. Calculate i(-45).
28
Let m(w) = -263925*w - 4222802. What is m(-16)?
-2
Let w(p) = 99*p**3 - 15840*p**2 - 4*p + 641. Calculate w(160).
1
Let d(l) = -2*l**3 + 331*l**2 - 170*l + 797. What is d(165)?
-28
Let a(p) = 2*p**2 + 314*p - 15469. Give a(39).
-181
Let n(d) = 1593*d**2 + 3228*d + 85. What is n(-2)?
1
Let n(v) = -9*v**2 + 966*v + 8305. What is n(-8)?
1
Let j(a) = a**3 + 9*a**2 - 323*a - 1489. Calculate j(-21).
2
Let j(r) = -33463*r - 201137. Give j(-6).
-359
Let i(p) = -p**3 + 21*p**2 + 52*p + 370. Determine i(24).
-110
Let l(g) = 13*g**3 + 2*g**2 - 420*g + 819. Determine l(2).
91
Let a(i) = -2208*i - 22963. Calculate a(-9).
-3091
Let v(o) = -o**2 + 5*o + 9923. Give v(102).
29
Let c(x) = -19*x**2 - 141*x + 45881. Calculate c(-53).
-17
Let d(y) = -3452*y**2 - 20661*y + 28. Give d(-6).
-278
Let i(m) = -53517*m - 214068. What is i(-4)?
0
Let f(o) = -o**3 + 124*o**2 + 2349*o - 3683. Give f(-18).
43
Let g(h) = -20*h**3 - h**2 + 3160*h - 6321. Determine g(2).
-165
Let s(w) = -24918*w - 49219. Determine s(-2).
617
Let z(x) = -2*x**2 + 430*x + 13543. Give z(-28).
-65
Let z(d) = 14*d**3 - 50*d**2 + 111*d + 8. Give z(2).
142
Let s(k) = -15*k**3 - 40*k**2 - 50*k + 521. Give s(-4).
1041
Let d(n) = n**3 - 22*n**2 + 47*n - 253. Determine d(20).
-113
Let k(i) = 30442*i + 700166. What is k(-23)?
0
Let i(x) = 24430*x - 65912138. Calculate i(2698).
2
Let o(h) = 30738*h - 92232. Determine o(3).
-18
Let m(a) = a**2 - 60*a - 34405. Give m(-158).
39
Let q(j) = -2*j**3 + 812*j**2 - 1628*j + 4729. Determine q(404).
-119
Let k(n) = -9*n**2 - 93*n + 58. Calculate k(-9).
166
Let f(a) = -a**2 + 4444*a + 3048998. What is f(-604)?
6
Let z(c) = 3*c**2 + 57*c + 139. Calculate z(-6).
-95
Let i(a) = -16436*a + 65186. Determine i(4).
-558
Let d(v) = 8936*v - 120. What is d(0)?
-120
Let b(d) = -63*d**2 - 8606*d - 5171. Calculate b(-136).
-3
Let r(x) = 19*x**3 + 6*x**2 - 1267*x - 2540. Determine r(-2).
-134
Let v(p) = 2298*p + 61771. Calculate v(-27).
-275
Let g(f) = -474892*f - 474892. Calculate g(-1).
0
Let c(i) = -102*i**2 + 1254*i + 38. Give c(13).
-898
Let x(k) = -4*k**2 + 23*k + 968. Calculate x(-13).
-7
Let d(f) = 335*f**3 - 155087*f**2 - 8336*f + 940. What is d(463)?
14
Let d(v) = v**2 + 4978*v - 19888. What is d(4)?
40
Let c(t) = 7*t**3 - 132*t**2 + 467*t + 29. Give c(5).
-61
Let k(n) = 3*n**3 + 178*n**2 + 43*n - 966. What is k(-59)?
-22
Let x(p) = -2*p**2 - 193*p - 4700. Determine x(-47).
-47
Let y(q) = -q**3 - 25*q**2 + 90*q - 1795. Determine y(-30).
5
Let z(s) = -s**3 - 84*s**2 + 6*s + 397. What is z(-84)?
-107
Let f(i) = -15672*i - 93845. Calculate f(-6).
187
Let h(v) = 656*v + 56451. What is h(-86)?
35
Let u(l) = -l**2 - 468*l - 12726. Give u(-29).
5
Let k(x) = -394*x - 15080. Give k(-38).
-108
Let o(s) = -4*s**3 - 581*s**2 + 1305*s + 40595. Determine o(-147).
23
Let i(h) = -78975*h - 473850. What is i(-6